*u + 62. Suppose 3*d = -3*g + g + 94, -10 = -2*g. Suppose 2*t + t = j - d, -t - 84 = -5*j. What is the remainder when u is divided by j?
15
Suppose -3*g + 1202 - 80 = 0. Calculate the remainder when g is divided by 94.
92
Let p(c) = 3*c - 5. Let j be p(7). Suppose j*i - 74 = 14*i. Calculate the remainder when i is divided by 15/10*120/9.
17
Let g = 57 + -106. Let d = g + 98. What is the remainder when d is divided by 18?
13
What is the remainder when 0 + 3351/4 - (-48)/192 is divided by 56?
54
Let y be 28 + 2 - (6 - 4). Suppose -a = -5*f - 13 - 8, -2*a = -3*f - y. What is the remainder when 21 is divided by a?
10
Suppose 0 = j - 137 + 125. What is the remainder when 80 is divided by j?
8
Let y(m) be the third derivative of 7*m**4/8 - m**3/2 - 26*m**2. What is the remainder when y(2) is divided by 10?
9
Suppose -x - 2*x = -99. Suppose -5*b = -2*a - 142 + 14, b = a + 25. Let c = -13 + b. What is the remainder when x is divided by c?
7
Let j(g) = -2*g**2 - 17*g - 17. Let f = -20 + 34. Calculate the remainder when f is divided by j(-7).
2
Let b be 2/(-15) - (-62)/15. Suppose 0 = 8*k - 52 - b. Calculate the remainder when 39 is divided by k.
4
Calculate the remainder when 113/(-452) - 2*818/(-16) is divided by 31.
9
Let k(p) = 13*p. Let n(m) = -12*m. Let b(f) = -5*k(f) - 4*n(f). What is the remainder when b(-1) is divided by 3?
2
Suppose -9*r = 2*r - 2255. What is the remainder when r is divided by 50?
5
Suppose 3*h + 0 - 6 = 0, -3*n + 3*h = -48. Suppose 4*b + 101 + 67 = 0. What is the remainder when 20 is divided by (b/n)/(1/(-3))?
6
Let m be 1/2 + 91/14. Suppose m = -4*t + 5*t. What is the remainder when 47 is divided by t?
5
Let h = 10 + -1. What is the remainder when 5/(-15)*3 - h*-7 is divided by 26?
10
Suppose 0 = 3*z - 456 + 396. What is the remainder when 123 is divided by z?
3
Let j(h) = 2*h**2 - 19*h - 11. Let x be j(10). Calculate the remainder when 18 + 0/(x + 0) is divided by 3.
0
Suppose -7*l + 20 = -8. Suppose -o = -l*g + 47 + 98, 5*g + 4*o - 197 = 0. Let d = -6 - -19. What is the remainder when g is divided by d?
11
Let f(j) be the third derivative of -j**5/60 + j**4/6 + j**3/3 - j**2. What is the remainder when 6 is divided by f(4)?
0
Let q = -22 + 29. Let v = 49 + -47. Suppose -5*x + v*l + 20 = 0, -l = 3*l. What is the remainder when q is divided by x?
3
Suppose 2*g + g + r - 12 = 0, 2*r + 16 = 2*g. Suppose -5 + 20 = g*h. Calculate the remainder when 15 is divided by h.
0
Suppose k = 4*k + 18. Let b(p) = -9*p - 20. Let r(v) = -v**2 + 8*v - 3. Calculate the remainder when b(k) is divided by r(6).
7
Suppose -273 = -5*z + 4*d, -z - 3*z + 210 = d. Let j(f) = -f**2 - 2*f + 12. Let h be j(-5). Let r = h - -17. Calculate the remainder when z is divided by r.
11
Suppose 5*d = -4*c + 207, -5*c + 164 = -4*d - 105. Suppose 4*g - 4*l - 40 = 0, -c = -5*g - 0*g + 4*l. Calculate the remainder when g is divided by 6.
1
Let j be 2 - (-4 + 2 + 3 - 3). Suppose -135 = -5*k + 5*c, -j*k + c + 0*c = -102. What is the remainder when 63 is divided by k?
13
Suppose 3*k = -5*w + 5*k + 17, 5*w - 37 = -3*k. Suppose -2*f = -0*p - w*p - 31, 5*f = -4*p + 28. What is the remainder when 36 is divided by f?
4
Calculate the remainder when 223 is divided by (6/(-4)*4 - -1)*-5.
23
Suppose -3*k + 3 = 2*n - 2*k, -2*n + 2*k + 12 = 0. Suppose 2*u + 53 = 4*u - 5*m, -2*m + 51 = n*u. Let t = 34 - u. What is the remainder when t is divided by 10?
5
Let f be (-17 + -3)*(-2)/(-4). Calculate the remainder when 41 is divided by (-70)/f*3/1.
20
Suppose 3*c - 9 = 0, 47 = 2*a - 3*c + 14. Let q = -13 + 54. Calculate the remainder when q is divided by a.
20
Suppose -6*m - 8*m = -812. Calculate the remainder when m is divided by 21.
16
Suppose -5*p + 11 = c - 10, p + 3*c + 7 = 0. Suppose -4*o - 16 = 0, p*o + 40 = -3*b + 7*b. Calculate the remainder when 23 is divided by b.
3
Suppose g + 3*g = -2*k + 30, -5*k + g = -42. What is the remainder when 62 - (6 - 20)/2 is divided by k?
6
Suppose 4*k = -y + 29, 5*y + 4*k - 96 = 1. What is the remainder when y is divided by 5?
2
Suppose -6*o + 67 + 17 = 0. What is the remainder when 61 is divided by o?
5
Let n be 4/(8/2)*106. Suppose -17 = -q - 5*l, -5*q - 5*l + n = -l. Calculate the remainder when 43 is divided by q.
21
Let r(v) be the first derivative of -v**4/4 + 8*v**3/3 + v**2/2 - 7*v + 1. What is the remainder when r(7) is divided by 1 - (-10 - 4 - -1*2)?
10
Suppose x - 3 - 1 = -2*z, 26 = 5*x + 4*z. Suppose -3*v = 3*h - 0*v - x, h + 14 = 3*v. Calculate the remainder when 78 is divided by (-39)/h - (-1)/2.
18
Let p = 55 + -31. Suppose 3*o = 40 + 59. Suppose -3*v = 2*m + 2*m - 55, 0 = v + 5*m - o. Calculate the remainder when p is divided by v.
11
Let m(u) = u**2 - 30*u + 1773. What is the remainder when m(0) is divided by 111?
108
Suppose 0 = -16*c + 4*c - 708. Let o = 76 + c. What is the remainder when o is divided by 11?
6
Suppose 3*j = -5*s + 34, -4*s + 18 = 2*j - 3*s. Suppose 187 = j*h + 27. Calculate the remainder when 59 is divided by h.
19
Suppose -4*z + 327 = 3*w + 2*w, 3*z = -5*w + 324. Let a(l) = -2*l**2 - 29*l - 44. Calculate the remainder when w is divided by a(-11).
30
Suppose 4*h - 43 + 27 = 0. Suppose -5*m - h*f + 3*f + 125 = 0, 2*f = -m + 16. What is the remainder when m is divided by 9?
8
Let y(t) = -t**3 + 11*t**2 + 21*t + 38. What is the remainder when y(12) is divided by 5?
1
Let l = -71 + 151. Calculate the remainder when ((-54)/(-10) - 3)/(2/l) is divided by 9.
6
Let s be (-4)/(6*(-8)/36). Suppose s*y - 23 - 4 = 0. Calculate the remainder when 33 is divided by y.
6
Suppose -12*p = -2729 + 377. What is the remainder when p is divided by 9?
7
Let n = 85 + -30. Let q(c) = 15*c + 7*c - 1 + 5*c**2 + 15 - 4*c**2. What is the remainder when n is divided by q(-22)?
13
Suppose -13*z = -16*z + 12, -z = -5*n + 976. Calculate the remainder when n is divided by 35.
21
Let h(d) = 6*d**2 + 7*d - 6. Calculate the remainder when 210 is divided by h(-3).
21
Let h(v) = v**2 + 6*v + 3. Let s be h(0). Suppose -q + 119 = s*q + 5*z, 9 = 3*z. What is the remainder when q is divided by 4?
2
Suppose 5*m = 2*p + 366, 3*m - 11*p = -7*p + 228. What is the remainder when 276 is divided by m?
60
Let h = 530 + -525. Calculate the remainder when 67 is divided by h.
2
Let i = 13 - 6. Suppose -15 = 3*o, 5*p - 5*o = 3*p + 31. What is the remainder when i is divided by p?
1
Let m(d) = -4*d**3 - 14*d**2 + 38*d**2 - 25*d - 2*d**3 + 5*d**3 + 53. Calculate the remainder when 8 is divided by m(23).
1
What is the remainder when (-4)/(-22) + -15 + 3208/22 is divided by 46?
39
Let h(z) = -40*z - 223. What is the remainder when 117 is divided by h(-6)?
15
Let v(b) = b**2 + 2*b + 12. Let u be -1*3 + (5 - 2). Let s be v(u). Calculate the remainder when 37 is divided by (s/12)/(2/20).
7
Suppose -4*j + 7 = -1. Let s(x) = 60*x - 2. Suppose -10*u + 7*u = n - 18, 3*n + 5*u = 50. What is the remainder when s(j) is divided by n?
13
Suppose 2094*w - 2098*w + 384 = 0. What is the remainder when w is divided by 22?
8
Suppose 3*x - 48 = 3*c, -2*x - 2*c - 21 = -3*x. Suppose -v = -x*v + 30. Calculate the remainder when v is divided by 3.
0
Suppose 0 = -5*i + 4*d - 5*d + 50, d + 4 = i. Suppose 2*u = 2*c + u - 3, -4*c + i = u. Suppose -2*l + l = -c. What is the remainder when 2 is divided by l?
0
Calculate the remainder when 68 is divided by (1/9 + (-80)/18)*-3.
3
Suppose 8*n - 282 = 190. Calculate the remainder when 169 is divided by n.
51
Let d = 7 + 6. Suppose n + d = 2*n. Let v = 29 + 20. What is the remainder when v is divided by n?
10
Let s(c) = -2*c + 13. Let q be s(6). Calculate the remainder when (2 - 0) + q + 20 is divided by 8.
7
Let p(z) = -2*z**3 - 14*z**2 - 8*z + 12. Let m be p(-5). Let u = 12 - m. What is the remainder when 119 is divided by u?
59
Suppose y = 4*m - 200, 0*m - m = -3*y - 61. What is the remainder when m is divided by 28?
21
Let t(p) = 8*p - 4. Let x = -39 + 59. What is the remainder when t(3) is divided by 145/x + 4/(-16)?
6
Suppose 173*f = -5*g + 177*f + 55, g - 5*f = 11. What is the remainder when 32 is divided by g?
10
Let r(f) = -f**2 - 24*f - 18. Let z be r(-23). Let h = 11 - z. Calculate the remainder when 30 is divided by h.
0
What is the remainder when 27 is divided by 8 + (-4)/18 + (-11)/(-9)?
0
Let s be -2*8 - -2 - -1. Let v = s - -17.